408557.
28
Calculate the remainder when 339110490 is divided by 37678942.
12
Calculate the remainder when 54392686 is divided by 126.
124
What is the remainder when 4200866 is divided by 13595?
11
Calculate the remainder when 264134 is divided by 106.
88
What is the remainder when 276962098 is divided by 1590?
1588
Calculate the remainder when 312846 is divided by 7811.
406
What is the remainder when 271014657 is divided by 189?
186
What is the remainder when 20082051 is divided by 717216?
3
Calculate the remainder when 270500157 is divided by 34.
33
What is the remainder when 1685663 is divided by 84?
35
What is the remainder when 408728 is divided by 31?
24
Calculate the remainder when 10571453 is divided by 3278.
3181
Calculate the remainder when 2837426 is divided by 15.
11
What is the remainder when 12490710 is divided by 3122677?
2
Calculate the remainder when 292680134 is divided by 55.
54
Calculate the remainder when 62538592 is divided by 39.
25
What is the remainder when 1106376 is divided by 3440?
2136
Calculate the remainder when 16464860 is divided by 21.
20
Calculate the remainder when 4498115 is divided by 712.
411
Calculate the remainder when 606543 is divided by 387.
114
What is the remainder when 1437848 is divided by 224?
216
What is the remainder when 2721480 is divided by 388765?
125
What is the remainder when 49568247 is divided by 1290?
1287
Calculate the remainder when 86231 is divided by 6156.
47
What is the remainder when 161640 is divided by 269?
240
What is the remainder when 124916770 is divided by 23?
21
Calculate the remainder when 6977289 is divided by 50.
39
What is the remainder when 45386 is divided by 97?
87
What is the remainder when 4208205 is divided by 46756?
165
What is the remainder when 1315813 is divided by 131577?
43
Calculate the remainder when 790257 is divided by 13170.
57
What is the remainder when 26278260 is divided by 3554?
3538
Calculate the remainder when 381670 is divided by 123.
1
Calculate the remainder when 1394233 is divided by 54.
7
Calculate the remainder when 5942554 is divided by 2379.
2191
What is the remainder when 400419 is divided by 10157?
4296
Calculate the remainder when 35758084 is divided by 3905.
3904
What is the remainder when 2761264 is divided by 288?
208
What is the remainder when 20917 is divided by 20869?
48
Calculate the remainder when 49341071 is divided by 78.
65
What is the remainder when 10127166 is divided by 316?
314
Calculate the remainder when 3800536 is divided by 118.
110
What is the remainder when 121714 is divided by 4465?
1159
What is the remainder when 23618228 is divided by 96009?
14
What is the remainder when 2730932 is divided by 221?
35
What is the remainder when 678446 is divided by 280?
6
Calculate the remainder when 110128 is divided by 5134.
2314
Calculate the remainder when 9003339 is divided by 50018.
99
Calculate the remainder when 13778 is divided by 3171.
1094
Calculate the remainder when 1258497 is divided by 35.
2
What is the remainder when 193952 is divided by 64650?
2
Calculate the remainder when 16216431 is divided by 401.
392
Calculate the remainder when 2511764 is divided by 37.
19
What is the remainder when 201978 is divided by 4584?
282
Calculate the remainder when 125457 is divided by 6971.
6950
Calculate the remainder when 91143861 is divided by 24.
21
Calculate the remainder when 1866508 is divided by 2670.
178
What is the remainder when 57947579 is divided by 589?
581
Calculate the remainder when 2667002 is divided by 380999.
9
What is the remainder when 6409095 is divided by 60463?
17
What is the remainder when 5275910 is divided by 38?
28
Calculate the remainder when 173140 is divided by 4404.
1384
What is the remainder when 235558 is divided by 117755?
48
What is the remainder when 11268 is divided by 9636?
1632
Calculate the remainder when 2535859 is divided by 149167.
20
What is the remainder when 1245045 is divided by 71?
60
What is the remainder when 2092170 is divided by 5609?
13
What is the remainder when 15533 is divided by 13691?
1842
Calculate the remainder when 43536 is divided by 31916.
11620
What is the remainder when 213897 is divided by 262?
105
Calculate the remainder when 681257 is divided by 1716.
5
What is the remainder when 52283 is divided by 2472?
371
What is the remainder when 953322201 is divided by 197?
195
What is the remainder when 6249054 is divided by 2469?
15
Calculate the remainder when 101311 is divided by 435.
391
What is the remainder when 521098 is divided by 7661?
150
Calculate the remainder when 6082645 is divided by 1379.
1255
What is the remainder when 8791 is divided by 8228?
563
What is the remainder when 11893755 is divided by 298?
277
Calculate the remainder when 7261524 is divided by 177110.
14
What is the remainder when 524326713 is divided by 6?
3
What is the remainder when 721689 is divided by 6581?
4360
What is the remainder when 12927560 is divided by 2154593?
2
What is the remainder when 711572 is divided by 152?
60
Calculate the remainder when 2748545 is divided by 8431.
39
What is the remainder when 94012987 is divided by 47006491?
5
What is the remainder when 39624 is divided by 896?
200
Calculate the remainder when 27206181 is divided by 22.
13
Calculate the remainder when 1816804 is divided by 302777.
142
What is the remainder when 695531 is divided by 281?
56
Calculate the remainder when 984838 is divided by 2462.
38
What is the remainder when 363264 is divided by 15132?
96
What is the remainder when 160632852 is divided by 554?
552
What is the remainder when 194339 is divided by 97141?
57
Calculate the remainder when 9078807 is divided by 5779.
5777
What is the remainder when 41769729 is divided by 496?
81
Calculate the remainder when 1649304 is divided by 218.
134
What is the remainder when 288245309 is divided by 124?
117
Calculate the remainder when 1367773 is divided by 193.
175
Calculate the remainder when 2061588 is divided by 72.
12
Calculate the remainder when 1160820 is divided by 457.
40
What is the remainder when 368580 is divided by 4665?
45
What is the remainder when 50657498 is divided by 263?
16
What is the remainder when 738504029 is divided by 1655?
1654
What is the remainder when 28160126 is divided by 385?
71
Calculate the remainder when 4363378 is divided by 4363329.
49
Calculate the remainder when 1499656579 is divided by 5164.
5159
Calculate the remainder when 9444526 is divided by 106118.
24
Calculate the remainder when 1252688 is divided by 313164.
32
What is the remainder when 58807517 is divided by 20?
17
What is the remainder when 5480786 is divided by 1826926?
8
Calculate the remainder when 234247 is divided by 234187.
60
Calculate the remainder when 613844 is divided by 4230.
494
Calculate the remainder when 24394392 is divided by 246408.
0
Calculate the remainder when 220749 is divided by 6698.
6413
What is the remainder when 380524 is divided by 96?
76
What is the remainder when 432075 is divided by 3905?
2525
What is the remainder when 1985271 is divided by 94?
85
Calculate the remainder when 416347 is divided by 1666.
1513
What is the remainder when 1187568 is divided by 1187546?
22
What is the remainder when 722334 is divided by 948?
906
What is the remainder when 443998 is divided by 41?
9
What is the remainder when 9393742 is divided by 788?
782
What is the remainder when 2692076 is divided by 93?
5
Calculate the remainder when 588454 is divided by 243.
151
Calculate the remainder when 12131912 is divided by 4043959.
35
What is the remainder when 123134123 is divided by 194?
189
What is the remainder when 9764730 is divided by 296?
282
What is the remainder when 8376463 is divided by 322171?
17
What is the remainder when 103181 is divided by 20594?
211
What is the remainder when 429122 is divided by 107203?
310
Calculate the remainder when 935643 is divided by 102.
99
What is the remainder when 36606 is divided by 4067?
3
What is the remainder when 519161 is divided by 551?
119
What is the remainder when 7373571 is divided by 157?
66
Calculate the remainder when 3462321 is divided by 1731136.
49
Calculate the remainder when 36839115 is divided by 6139851.
9
What is the remainder when 11582623 is divided by 5025?
5023
Calculate 